lculate the greatest common factor of 2265 and 1875975.
15
What is the highest common factor of 64842 and 6075246?
642
What is the highest common factor of 105772904 and 128818?
4442
Calculate the highest common factor of 204 and 8941968.
12
What is the highest common divisor of 1464 and 8670784?
488
Calculate the greatest common factor of 8 and 24451876.
4
What is the highest common divisor of 5908 and 3105076?
844
What is the highest common factor of 19043529 and 366?
183
What is the highest common factor of 2220554 and 2534?
14
Calculate the greatest common divisor of 5589 and 145529487.
621
Calculate the greatest common factor of 3059 and 581552.
19
What is the highest common factor of 2212 and 2231747?
7
Calculate the highest common factor of 457818795 and 3915.
1305
Calculate the highest common divisor of 1105 and 1355425045.
1105
What is the highest common divisor of 3146975 and 15525?
575
What is the highest common divisor of 4617 and 2903067?
513
Calculate the greatest common divisor of 576620798 and 1118.
1118
What is the greatest common factor of 1360961 and 139897?
199
Calculate the highest common divisor of 208 and 263348774.
26
What is the highest common factor of 167508 and 1709343?
3807
Calculate the greatest common divisor of 328 and 35276236.
164
What is the greatest common factor of 15045936 and 9470?
1894
What is the greatest common divisor of 12612652 and 52?
52
What is the highest common divisor of 32085 and 2276103?
69
What is the highest common factor of 6383352 and 846?
282
What is the highest common divisor of 85 and 526638155?
85
What is the highest common divisor of 13995360 and 360?
360
Calculate the highest common factor of 3 and 6545233.
1
Calculate the greatest common factor of 9171041 and 704.
11
Calculate the highest common divisor of 351449300 and 300.
100
Calculate the greatest common factor of 18703 and 37052.
59
Calculate the highest common divisor of 1032 and 87491584.
344
What is the highest common divisor of 2 and 77428294?
2
Calculate the greatest common divisor of 21898 and 2328.
2
Calculate the greatest common divisor of 263 and 229114817.
263
Calculate the greatest common factor of 3783 and 227058279.
291
Calculate the greatest common divisor of 16 and 19890040.
8
What is the greatest common factor of 21 and 37316937?
21
What is the greatest common divisor of 402 and 27865032?
402
Calculate the highest common divisor of 2377934 and 28418.
26
What is the highest common divisor of 429087 and 1003239?
1527
What is the greatest common divisor of 3305480 and 1743520?
680
What is the highest common divisor of 24 and 464282184?
24
What is the greatest common divisor of 32049 and 81603?
9
What is the highest common divisor of 119100 and 593700?
300
Calculate the greatest common factor of 434 and 62858018.
62
What is the highest common divisor of 123884 and 3056?
4
Calculate the greatest common factor of 276 and 65982756.
12
What is the greatest common factor of 138 and 823206?
6
Calculate the greatest common factor of 195 and 54482649.
39
What is the highest common factor of 13160 and 223156?
188
Calculate the greatest common factor of 10813907 and 247.
247
What is the greatest common divisor of 3166 and 8299669?
1583
What is the highest common divisor of 11329633 and 52997?
469
What is the greatest common factor of 22 and 150446?
2
Calculate the greatest common factor of 5039686 and 86.
86
Calculate the greatest common factor of 336 and 72920295.
21
What is the greatest common factor of 3132540 and 13500?
540
What is the greatest common divisor of 4806 and 1437372?
54
What is the greatest common divisor of 169960 and 17500?
140
What is the highest common divisor of 10248 and 344718808?
3416
What is the greatest common divisor of 169 and 50497369?
169
Calculate the highest common factor of 191285837 and 311.
311
Calculate the greatest common factor of 368617404 and 1860.
372
What is the greatest common factor of 311638 and 79591?
1121
What is the greatest common factor of 1324076 and 1664?
52
Calculate the highest common factor of 264 and 33812076.
12
Calculate the highest common factor of 1022208 and 350928.
48
Calculate the greatest common divisor of 84 and 2613716.
28
What is the greatest common factor of 1147 and 834313?
37
What is the highest common factor of 10257720 and 22990?
2090
What is the highest common divisor of 225152 and 5447623?
1759
Calculate the greatest common divisor of 3141 and 749871.
9
What is the greatest common factor of 22 and 221927453?
11
Calculate the greatest common divisor of 482220 and 66384.
36
What is the greatest common divisor of 782839525 and 2405?
2405
What is the greatest common factor of 1005332 and 536309?
1979
What is the highest common divisor of 6 and 1395203298?
6
What is the greatest common factor of 12309 and 12818454?
33
Calculate the greatest common divisor of 256 and 1078976064.
64
What is the highest common factor of 600 and 5318550?
150
Calculate the greatest common divisor of 5635434 and 18.
6
What is the greatest common factor of 80 and 450287440?
80
What is the greatest common divisor of 26245 and 5120?
5
Calculate the greatest common factor of 153 and 2452698.
9
What is the greatest common factor of 129766 and 18817?
31
What is the highest common divisor of 8582 and 220318?
14
Calculate the greatest common divisor of 175626 and 647478.
18
Calculate the greatest common divisor of 2394 and 839538.
126
Calculate the highest common divisor of 2467024 and 76.
4
Calculate the highest common divisor of 37800 and 145350.
450
What is the highest common factor of 16514706 and 624?
78
What is the highest common factor of 139963 and 24656?
67
Calculate the greatest common divisor of 10 and 95689665.
5
Calculate the greatest common divisor of 497 and 158459.
7
Calculate the highest common divisor of 104748 and 6778576.
812
What is the greatest common factor of 40 and 3060745?
5
What is the highest common factor of 9338 and 4168750?
1334
Calculate the greatest common factor of 7338716 and 4004.
308
Calculate the highest common divisor of 69 and 860910.
3
Calculate the greatest common factor of 66819705 and 3660.
915
What is the greatest common factor of 107853 and 1923?
3
What is the greatest common factor of 1156 and 53516?
68
Calculate the highest common factor of 1597097091 and 309.
309
What is the highest common factor of 388545 and 825?
15
Calculate the highest common divisor of 607057 and 291159.
1903
What is the highest common divisor of 13651 and 9050239?
187
What is the greatest common divisor of 7123582 and 72736?
4546
What is the highest common divisor of 1803248 and 25800?
344
Calculate the highest common divisor of 18 and 22113414.
18
What is the highest common divisor of 3910 and 1122525810?
3910
What is the highest common divisor of 15484773 and 8211?
1173
What is the highest common divisor of 53774 and 8482598?
334
What is the greatest common factor of 492396 and 141858?
222
Calculate the highest common divisor of 508 and 31902654.
254
Calculate the highest common divisor of 280 and 260990.
10
What is the highest common factor of 8286 and 56590618?
2762
What is the highest common divisor of 653785286 and 1309?
1309
Calculate the greatest common divisor of 28 and 880023046.
14
What is the highest common factor of 273627823 and 109?
109
Calculate the greatest common divisor of 9450 and 42238.
14
Calculate the greatest common factor of 26 and 83083897.
13
Calculate the highest common divisor of 7316083 and 38.
19
What is the highest common divisor of 1667907 and 1359?
9
Calculate the highest common factor of 29685803 and 6475.
259
What is the highest common factor of 9657 and 29572953?
3219
Calculate the greatest common factor of 186804056 and 8.
8
Calculate the greatest common factor of 208 and 5745824.
16
Calculate the highest common divisor of 54 and 8355366.
54
Calculate the greatest common factor of 31896 and 1341.
9
What is the greatest common divisor of 430748760 and 130?
130
Calculate the highest common divisor of 210 and 1313220.
30
Calculate the greatest common factor of 4 and 7129502.
2
What is the highest common factor of 32 and 80292160?
32
Calculate the highest common factor of 875 and 1887625.
125
Calculate the highest common diviso